is the units digit of 492?
2
What is the thousands digit of 1128?
1
What is the units digit of 19245?
5
What is the hundreds digit of 669?
6
What is the thousands digit of 33636?
3
What is the hundreds digit of 2458?
4
What is the tens digit of 3930?
3
What is the hundreds digit of 4360?
3
What is the tens digit of 293?
9
What is the thousands digit of 5949?
5
What is the units digit of 398?
8
What is the hundreds digit of 16625?
6
What is the hundreds digit of 1466?
4
What is the hundreds digit of 14389?
3
What is the thousands digit of 94408?
4
What is the thousands digit of 5179?
5
What is the hundreds digit of 27866?
8
What is the ten thousands digit of 66221?
6
What is the units digit of 241?
1
What is the ten thousands digit of 50707?
5
What is the units digit of 50639?
9
What is the thousands digit of 26584?
6
What is the tens digit of 1213?
1
What is the tens digit of 18009?
0
What is the units digit of 231?
1
What is the ten thousands digit of 19189?
1
What is the tens digit of 10080?
8
What is the units digit of 91101?
1
What is the units digit of 807?
7
What is the hundreds digit of 702?
7
What is the ten thousands digit of 26156?
2
What is the units digit of 38545?
5
What is the ten thousands digit of 42793?
4
What is the tens digit of 10576?
7
What is the hundreds digit of 56316?
3
What is the tens digit of 253?
5
What is the tens digit of 13067?
6
What is the units digit of 6705?
5
What is the thousands digit of 4332?
4
What is the units digit of 29349?
9
What is the hundreds digit of 1372?
3
What is the ten thousands digit of 16382?
1
What is the tens digit of 6676?
7
What is the tens digit of 8613?
1
What is the units digit of 262?
2
What is the units digit of 4809?
9
What is the tens digit of 3355?
5
What is the hundreds digit of 5831?
8
What is the units digit of 132569?
9
What is the ten thousands digit of 28308?
2
What is the hundreds digit of 663?
6
What is the thousands digit of 1408?
1
What is the thousands digit of 145105?
5
What is the tens digit of 690?
9
What is the units digit of 3553?
3
What is the thousands digit of 1881?
1
What is the ten thousands digit of 11574?
1
What is the units digit of 1290?
0
What is the hundreds digit of 15002?
0
What is the units digit of 7653?
3
What is the ten thousands digit of 15490?
1
What is the hundreds digit of 1797?
7
What is the units digit of 2032?
2
What is the tens digit of 900?
0
What is the tens digit of 22264?
6
What is the hundreds digit of 1147?
1
What is the units digit of 9850?
0
What is the units digit of 204?
4
What is the units digit of 14307?
7
What is the thousands digit of 2507?
2
What is the tens digit of 27505?
0
What is the thousands digit of 9811?
9
What is the hundreds digit of 109?
1
What is the units digit of 3942?
2
What is the units digit of 137613?
3
What is the tens digit of 2632?
3
What is the ten thousands digit of 21529?
2
What is the units digit of 771?
1
What is the hundreds digit of 19189?
1
What is the thousands digit of 16188?
6
What is the thousands digit of 1586?
1
What is the units digit of 22823?
3
What is the hundreds digit of 117524?
5
What is the hundreds digit of 141368?
3
What is the thousands digit of 5531?
5
What is the hundreds digit of 727?
7
What is the thousands digit of 1300?
1
What is the hundreds digit of 86107?
1
What is the thousands digit of 31312?
1
What is the tens digit of 12015?
1
What is the hundreds digit of 2488?
4
What is the hundreds digit of 5156?
1
What is the thousands digit of 2143?
2
What is the hundreds digit of 21549?
5
What is the hundreds digit of 19993?
9
What is the units digit of 865?
5
What is the units digit of 4563?
3
What is the units digit of 797?
7
What is the tens digit of 2005?
0
What is the tens digit of 14258?
5
What is the tens digit of 12519?
1
What is the ten thousands digit of 158118?
5
What is the units digit of 8777?
7
What is the ten thousands digit of 53276?
5
What is the hundreds digit of 19005?
0
What is the tens digit of 19?
1
What is the tens digit of 1157?
5
What is the thousands digit of 2217?
2
What is the ten thousands digit of 36666?
3
What is the hundreds digit of 3480?
4
What is the thousands digit of 2782?
2
What is the ten thousands digit of 11273?
1
What is the tens digit of 7270?
7
What is the tens digit of 1534?
3
What is the hundreds digit of 1167?
1
What is the units digit of 272?
2
What is the tens digit of 9731?
3
What is the hundreds digit of 1022?
0
What is the units digit of 13955?
5
What is the thousands digit of 16168?
6
What is the units digit of 236?
6
What is the thousands digit of 2165?
2
What is the hundreds digit of 645?
6
What is the tens digit of 2291?
9
What is the tens digit of 573?
7
What is the thousands digit of 10588?
0
What is the ten thousands digit of 55422?
5
What is the thousands digit of 1509?
1
What is the hundreds digit of 2220?
2
What is the tens digit of 1223?
2
What is the tens digit of 10498?
9
What is the tens digit of 600?
0
What is the thousands digit of 16527?
6
What is the tens digit of 657?
5
What is the ten thousands digit of 37927?
3
What is the hundreds digit of 3514?
5
What is the units digit of 39563?
3
What is the thousands digit of 7313?
7
What is the units digit of 13712?
2
What is the thousands digit of 1307?
1
What is the tens digit of 259?
5
What is the thousands digit of 100226?
0
What is the thousands digit of 11187?
1
What is the units digit of 460?
0
What is the hundreds digit of 4691?
6
What is the thousands digit of 16971?
6
What is the hundreds digit of 78181?
1
What is the tens digit of 10018?
1
What is the tens digit of 171563?
6
What is the tens digit of 2510?
1
What is the units digit of 134533?
3
What is the ten thousands digit of 122553?
2
What is the ten thousands digit of 18744?
1
What is the tens digit of 166?
6
What is the tens digit of 117979?
7
What is the tens digit of 1533?
3
What is the units digit of 7875?
5
What is the thousands digit of 6784?
6
What is the units digit of 25914?
4
What is the units digit of 115?
5
What is the units digit of 885?
5
What is the thousands digit of 14107?
4
What is the hundreds digit of 28720?
7
What is the ten thousands digit of 78772?
7
What is the tens digit of 556?
5
What is the tens digit of 1579?
7
What is the hundreds digit of 2166?
1
What is the units digit of 4388?
8
What is the tens digit of 187?
8
What is the tens digit of 8035?
3
What is the hundreds digit of 1225?
2
What is the tens digit of 348?
4
What is the units digit of 45830?
0
What is the thousands digit of 1737?
1
What is the units digit of 1015?
5
What is the tens digit of 30713?
1
What is the units digit of 3484?
4
What is the thousands digit of 8375?
8
What is the hundreds digit of 1274?
2
What is the tens digit of 644?
4
What is the units digit of 5330?
0
What is the tens digit of 326?
2
What is the units digit of 30898?
8
What is the thousands digit of 59981?
9
What is the hundreds digit of 128092?
0
What is the ten thousands digit of 11609?
1
What is the tens digit of 6817?
1
What is the thousands digit of 53590?
3
What is the units digit of 535?
5
What is the hundreds digit of 2016?
0
What is the units digit of 993?
3
What is the units digit of 1447?
7
What is the tens digit of 3124?
2
What is the hundreds digit of 416?
4
What is the hundred thousands digit of 145964?
1
What is the tens digit of 4702?
0
What is the units digit of 39901?
1
What is the thousands digit of 117056?
7
What is the tens digit of 22665?
6
What is the units digit of 46820?
0
What is the thousands digit of 16013?
6
What is the thousands digit of 1006?
1
What is the units digit of 613?
3
What is the hundreds digit of 9308?
3
What is the units digit of 1523?
3
What is the tens digit of 6107?
0
What is the tens digit of 38963?
6
What is the hundreds digit of 7234?
2
What is the ten thousands digit of 133377?
3
What is the thousands digit of 1285?
1
What is the units digit of 8222?
2
What is the units digit of 72955?
5
What is the hundreds digit of 42706?
7
What is the units digit of 1427?
7
What is the tens digit of 734?
3
What is the hundreds digit of 4597?
5
What is the hundreds digit of 37190?
1
What is the tens digit of 11710?
1
What is the units digit of 15089?
9
What is the hundreds digit of 39857?
8
What 